-z = 5*d - 61, -179 = -5*z - 5*d + s. What is the tens digit of z?
5
What is the hundreds digit of -1*(-294 - (-6 + 11))?
2
Let w(q) = -8*q + 14. Let x be w(5). Let o = -100 - x. Let n = o + 136. What is the units digit of n?
2
Suppose 3*l + 1300 = 4*f + 129, -5*f + 1464 = -4*l. What is the tens digit of f?
9
Suppose 3*b - 99 = 2*y - y, 5*b = 5*y + 465. Let n = 151 + y. What is the units digit of n?
1
What is the units digit of -1445*(135/(-25) + 5)?
8
Let a = 12 - 8. Suppose -a*l = 5*p + 2 - 3, -4*l = -5*p - 31. Suppose 5*j = -l*o + 99, 24 = -3*o + 2*j + 104. What is the tens digit of o?
2
Suppose f = -x + 6*f + 12, 4*x - 2*f = -6. Let t be 1*x - (-6)/2. Suppose -5*s + 25 = t, -5*s + 42 = 4*m - 43. What is the tens digit of m?
1
Let q(v) = -v**2 - 95*v - 25. What is the tens digit of q(-22)?
8
Let r be (2 - 12/3)*-59. Let m = -46 + r. Suppose 4*l - 4*k = m, k - 3*k - 102 = -5*l. What is the units digit of l?
2
Let a(m) = m**3 - 2*m**2 - 12*m - 12. Let w be a(6). Suppose w + 240 = 6*y. What is the tens digit of y?
5
Suppose 36*g = 87*g - 181305. What is the thousands digit of g?
3
Suppose y = -4*s + 2*y + 1205, -y - 5 = 0. Suppose i + s = -i. What is the units digit of 2/8 + i/(-8)?
9
Let k be ((-6)/4)/(9/(-24)). Let m(u) = -5*u + 30. Let p be m(6). Suppose -k*o + p*o = -16. What is the units digit of o?
4
Suppose -v = -6*v + 15. Suppose 2*l + 3*u = 7, -3*u = -0*u - v. What is the units digit of l?
2
Let g = 55 + -56. Let d(f) = -f**2 - 8*f + 5. Let x be d(-6). Let u = x + g. What is the tens digit of u?
1
Suppose 0*n = 3*n + 477. Let d = 235 + n. What is the tens digit of d?
7
Let o(f) = 3 - 12 + f - 3. Let r be o(-5). Let y = 40 + r. What is the tens digit of y?
2
Let u(y) = -y**2 - 2*y + 2. Let a be u(0). Suppose -5*q = -a*h + h + 271, 3*q + 3*h + 177 = 0. Let i = q - -94. What is the tens digit of i?
3
Let x = 588 + -316. What is the tens digit of x?
7
Let h be (5 - 7)/((-1)/2). Suppose 0 = -h*l - 3*p + 119, 5*p - 54 = -4*l + 75. What is the units digit of l?
6
Let p = -12 - -16. Suppose -4*o + 37 = p*y - 51, -4*o = -5*y + 146. Suppose s - 9 = -5*m - 3, -s + 5*m = -y. What is the tens digit of s?
1
Let o(w) = w**2 - 20*w + 47. Let j be o(23). Suppose -5*v - 38 - j = -2*g, -g + 51 = 4*v. What is the units digit of g?
7
Let f be (-9)/(-2) + 4*5/(-40). Suppose 4*k + 270 = f*m - 2*m, -3*k + 145 = m. What is the units digit of m?
9
Suppose -45*t + 39*t + 4782 = 0. What is the tens digit of t?
9
Suppose -620 + 54 = -2*z. What is the units digit of z?
3
Let m = 18 + 2. Let r = m + -31. Let g = 57 + r. What is the tens digit of g?
4
Let r(p) = -p**3 - 3*p**2 + 8*p - 2. Suppose -5*m + 2*m - 18 = 0. What is the units digit of r(m)?
8
Let c(j) = -10*j - 2. Let z be c(-10). Let p be z/8 + (-3)/12. Suppose m - p = 22. What is the units digit of m?
4
Let p(z) = -z**3 + 2*z**2 + 13*z - 20. What is the hundreds digit of p(-7)?
3
What is the tens digit of (-6233)/(-7) + (-4)/(-7)?
9
Let h = 594 + -228. What is the hundreds digit of h?
3
Suppose -1447 = -2*y + 1127. What is the thousands digit of y?
1
Let y = -14 + 18. Suppose 0 = v - 0*v - 5*i + 14, 0 = -y*v + 3*i + 12. What is the units digit of v?
6
Let k(v) = -v**2 - 9*v + 3. Let i be k(-9). Suppose -3*t - 12 = i*u, -t + 4 = 2*u - 2*t. Suppose u*h + 4*h - 104 = 0. What is the tens digit of h?
2
Let k(t) = 10*t**2 + 4*t - 8. What is the tens digit of k(8)?
6
Suppose 96*l - 16605 = 87*l. What is the hundreds digit of l?
8
Let r(q) = -3*q**3 + 2*q**2 - 1. Let s be r(-1). Suppose -v = -s*v + 177. Suppose 2*g - 4*g + v = -w, 0 = 5*g + 3*w - 175. What is the tens digit of g?
3
Suppose -4*u = 5*m - 5, -27 = 5*m - 5*u - 77. Suppose -m*q - 4*o = -4, 0 = 4*q + 3*o + 2 - 6. What is the units digit of q?
4
What is the hundreds digit of (-216634)/(-132) - (-6)/(-36)?
6
Suppose -41 = -2*k - 3*c, 2*k - 3*c + 2*c - 37 = 0. Suppose -5*j - 1 = -4*f + k, 4*f = -j + 20. Let l = 16 - j. What is the tens digit of l?
1
Suppose -19 = 5*b + d, -2*d + 9 = -2*b - d. Let x be 4 - ((-8 - b) + 2). What is the units digit of 7/(14/x) + 1?
4
Suppose 2*j = -265 + 1435. What is the tens digit of j?
8
Let a(v) = v**3 - 3*v**2 - 5*v + 5. Suppose -2*c + 12 = -0*c. What is the tens digit of a(c)?
8
Let a(o) = 5*o - 7. Let b(h) = -20*h + 27. Let c(d) = -9*a(d) - 2*b(d). What is the units digit of c(-7)?
4
Let g(c) = -3*c + 17. Let x be g(5). Suppose -2*k + 3*t + 28 = -48, -x*k + 2*t = -76. What is the tens digit of k?
3
Let y = 5 - 4. Suppose -y = 5*b - 16. What is the units digit of ((-5)/b)/(5/(-18))?
6
Suppose -7*f + 4472 + 1905 = 0. Let y = f - 625. What is the units digit of y?
6
Suppose 18748 = 6*q + 1984. What is the tens digit of q?
9
Let j = -38 - -13. Let f = j + 42. What is the units digit of f?
7
Let t = -412 + 697. What is the tens digit of t?
8
Let l be (18/(-21))/((-3)/(-21)). Let i = 0 - l. Let b(p) = 3*p + 10. What is the units digit of b(i)?
8
Let p(i) = 6*i + 7. Let n(c) be the third derivative of 5*c**4/24 + 7*c**3/6 - 5*c**2. Let h(k) = 4*n(k) - 3*p(k). What is the units digit of h(9)?
5
Let f(m) = -2*m**3 + 9*m**2 + 5*m + 1. Let x be f(5). What is the units digit of 556/4 - (-6*x - -2)?
3
Let k(s) = 25*s**2 - 3*s. What is the tens digit of k(4)?
8
Suppose -40 - 24 = 4*b. What is the units digit of (-3)/(-1 + b/(-17))?
1
Let y(p) = 5*p**2 - 85*p + 48*p + 41*p - 5 + 0. What is the units digit of y(-4)?
9
Let r be (-4 - -5) + (-4)/1. Let j(f) be the first derivative of 2*f**3/3 + 3*f**2/2 + 4*f + 15. What is the units digit of j(r)?
3
Let w(m) = 2*m + 33. Suppose -8*n + 4*n + 28 = 0. What is the tens digit of w(n)?
4
Let r(q) = 2*q**3 - 15*q**2 - 17*q + 57. What is the thousands digit of r(17)?
5
Let d(o) = -1 + 5*o - 10*o - 8 + 32*o. What is the units digit of d(3)?
2
Let c(y) = y**2 - 9*y - 12. Let u = 21 - 26. Let p be c(u). Let i = p + -26. What is the units digit of i?
2
Let v(q) = q**3 + 13*q**2 - q - 11. Let m be v(-13). Suppose 0 = 3*c + m*c + 870. What is the tens digit of (-1)/(-2*(-3)/c)?
2
Let g(z) be the second derivative of -1/20*z**5 - 11/12*z**4 + 0 - 1/3*z**3 - 2*z - 5*z**2. What is the tens digit of g(-11)?
1
Suppose r - 17 = -5*v, 2*r - 3*r - 15 = -3*v. Suppose -5*o + 4*t = -t - 340, -3*o - v*t = -239. What is the units digit of o?
3
Suppose 4*n - 2*n + 136 = 4*k, 0 = 4*n - 4*k + 288. What is the tens digit of (n/6)/((-10)/15)?
1
Let o(y) = 2*y**3 + 6 + 8*y - 16*y**2 + 4*y**2 - y**3. What is the tens digit of o(12)?
0
Let m be (-39)/(-26)*10/((-3)/3). What is the units digit of (-4295)/m + -3 - (-4)/(-3)?
2
Suppose -6*g = -2*g. Suppose -8 = -g*h - 4*h. What is the tens digit of (h - (-1 - -6)) + 29?
2
Let g be (-4)/8 + 123/6. Suppose -5*n - 4*l - l = -30, 0 = -3*n - 2*l + g. Suppose n*f - 3*f + 20 = 0, -2*p + 26 = f. What is the tens digit of p?
1
Let h = 395 + -206. What is the tens digit of h/9 - 4/(-1)?
2
Let d(t) = -t**3 + 9*t**2 - 2*t - 10. Suppose -2*v - 5*q + 6 + 8 = 0, q + 28 = 4*v. What is the units digit of d(v)?
4
Let z(t) = t**2 + 11*t + 2. Let g be z(-11). Suppose 0 = 3*j + g*x + 15, 8 = 4*j - 3*j + 5*x. Let i = j - -29. What is the tens digit of i?
2
Let j(u) = -62*u - 14. What is the hundreds digit of j(-7)?
4
Let i = 1494 - 942. What is the hundreds digit of i?
5
Let h be 0*((3 - 1) + -1). Suppose h = -2*j + j + 16. What is the tens digit of j?
1
Let y(l) = l**3 - 7*l**2 + 8*l - 9. Let u be y(5). Let q = -29 - u. What is the units digit of -6*(0 - q/(-15))?
4
Let o be (-82 + 9)/(2 - 1). Let s = -25 - o. What is the units digit of s?
8
Let f be -6*(-1)/1 - 3. Let h(x) = x - 12*x**2 + 2*x + 2 + x + x**f - 19. What is the units digit of h(12)?
1
Let t = 93 + 164. What is the tens digit of t?
5
Suppose 2*v + 3*o - 61 = -15, -30 = -v + 2*o. Suppose -v = -2*i + 22. What is the units digit of i?
4
Let g be -5*1*(-3)/15. Let b be ((-36)/(-8))/(g/2). What is the tens digit of (b/9)/((-2)/(-26))?
1
Let w(k) = -k**3 - 8*k**2 - 2*k - 6. Let r be w(-8). Suppose 447 = r*c - 373. What is the units digit of c?
2
Let i(l) = -2*l**2 + 15*l. Let a be i(14). Let f = a - -314. What is the hundreds digit of f?
1
Let m = 267 - 196. What is the tens digit of m?
7
Suppose 4*x - 1146 = -4*v + 218, 3*v + 4*x = 1025. What is the units digit of v?
9
Let w = -724 - -1376. What is the tens digit of w?
5
Let l(y) =